 remainder when 8768 is divided by 420.
368
Calculate the remainder when 493 is divided by 327.
166
Calculate the remainder when 98856 is divided by 1647.
36
What is the remainder when 1591458 is divided by 65?
63
Calculate the remainder when 17299 is divided by 361.
332
What is the remainder when 96561 is divided by 53?
48
What is the remainder when 16959 is divided by 39?
33
What is the remainder when 8332 is divided by 132?
16
Calculate the remainder when 133557 is divided by 795.
792
What is the remainder when 17891 is divided by 27?
17
Calculate the remainder when 1324 is divided by 439.
7
What is the remainder when 3320263 is divided by 1448?
1447
What is the remainder when 362991 is divided by 27?
3
Calculate the remainder when 65979 is divided by 55.
34
Calculate the remainder when 572497 is divided by 951.
946
Calculate the remainder when 87806 is divided by 34.
18
What is the remainder when 1525 is divided by 1389?
136
Calculate the remainder when 673395 is divided by 325.
320
Calculate the remainder when 102111 is divided by 13.
9
Calculate the remainder when 24740 is divided by 414.
314
What is the remainder when 3759 is divided by 38?
35
Calculate the remainder when 173571 is divided by 6427.
42
Calculate the remainder when 26755 is divided by 579.
121
What is the remainder when 22367 is divided by 241?
195
Calculate the remainder when 442243 is divided by 40203.
10
What is the remainder when 2362178 is divided by 4569?
5
Calculate the remainder when 1052293 is divided by 350759.
16
What is the remainder when 16201 is divided by 35?
31
Calculate the remainder when 155961 is divided by 7426.
15
Calculate the remainder when 112315 is divided by 86.
85
What is the remainder when 12240 is divided by 383?
367
Calculate the remainder when 1890 is divided by 879.
132
What is the remainder when 2154 is divided by 444?
378
What is the remainder when 19584 is divided by 49?
33
Calculate the remainder when 7989 is divided by 2473.
570
What is the remainder when 67 is divided by 9?
4
Calculate the remainder when 141606 is divided by 8.
6
Calculate the remainder when 5692 is divided by 1889.
25
Calculate the remainder when 17118 is divided by 778.
2
Calculate the remainder when 293071 is divided by 117.
103
Calculate the remainder when 5277 is divided by 6.
3
Calculate the remainder when 1734 is divided by 22.
18
Calculate the remainder when 1203 is divided by 227.
68
What is the remainder when 1926 is divided by 274?
8
Calculate the remainder when 2816 is divided by 685.
76
Calculate the remainder when 781 is divided by 271.
239
What is the remainder when 80277 is divided by 40117?
43
What is the remainder when 253802 is divided by 23?
20
What is the remainder when 365 is divided by 21?
8
What is the remainder when 6002 is divided by 260?
22
Calculate the remainder when 4258 is divided by 43.
1
What is the remainder when 165573 is divided by 313?
309
Calculate the remainder when 932 is divided by 61.
17
What is the remainder when 169922 is divided by 25?
22
Calculate the remainder when 122916 is divided by 672.
612
What is the remainder when 403899 is divided by 40389?
9
Calculate the remainder when 912081 is divided by 94.
93
Calculate the remainder when 11090 is divided by 4.
2
What is the remainder when 648477 is divided by 224?
221
What is the remainder when 40646 is divided by 49?
25
What is the remainder when 40588 is divided by 187?
9
Calculate the remainder when 162603 is divided by 118.
117
Calculate the remainder when 3771 is divided by 111.
108
Calculate the remainder when 13048 is divided by 86.
62
Calculate the remainder when 63552 is divided by 823.
181
Calculate the remainder when 5886 is divided by 1892.
210
Calculate the remainder when 11746 is divided by 74.
54
What is the remainder when 4275 is divided by 1413?
36
What is the remainder when 3174894 is divided by 124?
122
What is the remainder when 58443 is divided by 9731?
57
Calculate the remainder when 29728 is divided by 177.
169
Calculate the remainder when 1339 is divided by 335.
334
Calculate the remainder when 251264 is divided by 71.
66
Calculate the remainder when 191570 is divided by 17.
14
What is the remainder when 64736 is divided by 16180?
16
Calculate the remainder when 272 is divided by 129.
14
What is the remainder when 14102 is divided by 453?
59
Calculate the remainder when 1333 is divided by 320.
53
What is the remainder when 209 is divided by 27?
20
Calculate the remainder when 40635 is divided by 40627.
8
Calculate the remainder when 94450 is divided by 29.
26
Calculate the remainder when 1200 is divided by 577.
46
Calculate the remainder when 37643 is divided by 12546.
5
What is the remainder when 2747 is divided by 884?
95
What is the remainder when 462712 is divided by 7?
5
Calculate the remainder when 25137 is divided by 739.
11
What is the remainder when 2595 is divided by 2406?
189
What is the remainder when 4204 is divided by 765?
379
Calculate the remainder when 3277 is divided by 2826.
451
What is the remainder when 6093 is divided by 380?
13
What is the remainder when 375 is divided by 175?
25
What is the remainder when 24779 is divided by 221?
27
Calculate the remainder when 2560 is divided by 230.
30
What is the remainder when 25425 is divided by 6354?
9
What is the remainder when 13837 is divided by 532?
5
Calculate the remainder when 37041 is divided by 951.
903
Calculate the remainder when 4386 is divided by 137.
2
Calculate the remainder when 17004 is divided by 48.
12
What is the remainder when 12981 is divided by 56?
45
What is the remainder when 14021 is divided by 4670?
11
What is the remainder when 117067 is divided by 1858?
13
What is the remainder when 6339 is divided by 447?
81
What is the remainder when 12273 is divided by 54?
15
What is the remainder when 43490 is divided by 52?
18
Calculate the remainder when 9075 is divided by 293.
285
Calculate the remainder when 7463 is divided by 7451.
12
What is the remainder when 706 is divided by 25?
6
What is the remainder when 7026 is divided by 3429?
168
What is the remainder when 102441 is divided by 4?
1
What is the remainder when 627 is divided by 140?
67
What is the remainder when 1850 is divided by 785?
280
What is the remainder when 8519 is divided by 384?
71
What is the remainder when 126556 is divided by 97?
68
Calculate the remainder when 3447 is divided by 93.
6
What is the remainder when 1827933 is divided by 913962?
9
What is the remainder when 6645706 is divided by 612?
610
Calculate the remainder when 7344 is divided by 1302.
834
Calculate the remainder when 6525 is divided by 3243.
39
What is the remainder when 10352 is divided by 5172?
8
What is the remainder when 49127 is divided by 50?
27
Calculate the remainder when 19540 is divided by 104.
92
Calculate the remainder when 640868 is divided by 451.
448
What is the remainder when 3620 is divided by 1195?
35
What is the remainder when 1299 is divided by 78?
51
Calculate the remainder when 9229 is divided by 2300.
29
Calculate the remainder when 34295 is divided by 357.
23
What is the remainder when 1689 is divided by 118?
37
What is the remainder when 42110 is divided by 32?
30
Calculate the remainder when 861 is divided by 287.
0
What is the remainder when 25391 is divided by 6344?
15
Calculate the remainder when 211227 is divided by 368.
363
What is the remainder when 103197 is divided by 258?
255
What is the remainder when 2147 is divided by 1812?
335
What is the remainder when 24789 is divided by 4953?
24
Calculate the remainder when 7161 is divided by 532.
245
What is the remainder when 4199 is divided by 25?
24
Calculate the remainder when 2514 is divided by 337.
155
Calculate the remainder when 52121 is divided by 332.
329
What is the remainder when 6086 is divided by 103?
9
Calculate the remainder when 91308 is divided by 9114.
168
Calculate the remainder when 8704 is divided by 2896.
16
What is the remainder when 50463 is divided by 125?
88
Calculate the remainder when 4283432 is divided by 9.
8
What is the remainder when 431815 is divided by 308?
307
Calculate the remainder when 9466593 is divided by 37.
32
What is the remainder when 19165 is divided by 54?
49
What is the remainder when 7186 is divided